
23
Suppose -6 = -u - 2. Let h = -40 + 60. What is the remainder when (-38)/(-8)*2*u is divided by h?
18
Let m be 0/((-3)/6*2). Suppose 3*r - 6*r + 33 = m. Calculate the remainder when r is divided by 4.
3
Let y(t) = -3*t + 19. What is the remainder when y(3) is divided by 2?
0
Suppose -20*h + 1445 = -1455. Calculate the remainder when h is divided by 37.
34
Suppose 4*n - 5*q - 180 = 0, 2*q - q = 2*n - 84. Let w = n + -18. Calculate the remainder when 87 is divided by w.
21
Suppose -2 = -0*n - 2*n. What is the remainder when 3 is divided by n?
0
Let h be (1/1)/((-2)/(-10)). Suppose 4*t - 14 = 3*w, -5*t = 4*w - h - 28. Let p(v) = v + 7. Calculate the remainder when p(-3) is divided by w.
0
Let s = -10 - -3. Let g = -3 - s. Suppose 5*z - 2*q - 62 = 0, 3*z + 2*q + g - 54 = 0. Calculate the remainder when z is divided by 8.
6
Suppose 7*f - 10*f = z - 64, 5*f = -z + 108. What is the remainder when 81 is divided by f?
15
Let i(r) = 10*r**2. Suppose -6*x = -3*x - 57. Calculate the remainder when x is divided by i(1).
9
Suppose 0 = -2*p - y - 44 - 6, 4*y = 2*p + 40. Suppose 148 = -4*j + 2*c - 4*c, 4*c = 8. Let r = p - j. Calculate the remainder when r is divided by 5.
4
Let k(o) = -o**2 - o + 16. What is the remainder when 60 is divided by k(0)?
12
Let w = -22 + -4. Suppose -81 - 109 = -5*b + 2*x, -10 = -2*x. Let t = w + b. What is the remainder when 27 is divided by t?
13
Let c = 78 + 34. Calculate the remainder when c is divided by 23.
20
Suppose 88 = 13*l - 9*l. What is the remainder when 61 is divided by l?
17
Let t(b) = b**3 + 2*b**2 + 4*b. Let w be t(-3). Let n = w - -12. Let a = -5 - n. Calculate the remainder when a is divided by 3.
1
Suppose 0 = 7*k - 11*k + 132. What is the remainder when k is divided by 12?
9
Suppose -3*m + 8 = -13. Calculate the remainder when (-4)/12 - 122/(-6) is divided by m.
6
Suppose -2*z + 26 = -4*l, -2*z + 0*l = 4*l - 26. What is the remainder when 87 is divided by z?
9
Let h = -35 - -21. Let g = -7 - h. Suppose -w = -5*u - 43, -3*w - 4*u - 74 = -6*w. What is the remainder when w is divided by g?
4
Suppose -5*j + 4*c + 3 = 0, 2*j + c - 3*c = 0. What is the remainder when 8 is divided by j?
2
Let p = -29 - -69. Calculate the remainder when p is divided by 14.
12
Suppose 2*y - 5*x = -2*y - 5, -2*y = -3*x + 3. Suppose y*d - 3*z + 24 = 2*d, -d - 5*z = -5. What is the remainder when d is divided by 6?
3
What is the remainder when (1 - 0)/(7/287) is divided by 11?
8
Let d(o) = o**3 - 6*o**2. Let b be d(6). Suppose 4*k + 27 = -5*w - 2, b = 3*w + 2*k + 19. Let a = -5 - w. What is the remainder when 7 is divided by a?
3
Let g = -24 - -71. Calculate the remainder when g is divided by 12.
11
Let p be -1 + 4 - (-30)/10. What is the remainder when (-2)/p + (-174)/(-9) is divided by 7?
5
Suppose 5*q - 1 = 19. Suppose q*c = -5*d + 7 + 23, -4*c = -d - 18. Calculate the remainder when c is divided by 3.
2
Suppose 6*n = 5*t + n - 90, 5*t - 2*n - 90 = 0. Calculate the remainder when t is divided by (10*-1)/(-1*1).
8
Let f be ((-106)/(-6))/((-2)/(-6)). Let y = -36 + f. Suppose 3*t = y + 1. What is the remainder when 17 is divided by t?
5
Suppose -2*z = -0*z + 6. Let x(o) = -8*o + 1. What is the remainder when 99 is divided by x(z)?
24
Let w = 57 - 39. Suppose 0 = -n - 3*c + 44 - 16, 0 = n + 5*c - 24. What is the remainder when n is divided by w?
16
Let m be 1*(2 - 1)*-6. Suppose -i - 2*i + 45 = 0. Calculate the remainder when (m/(-15))/((-2)/(-140)) is divided by i.
13
Let p be (-33)/(-9) + 4/(-6). Let u(h) = -h**3 + 5*h**2 - 4*h + 4. What is the remainder when 49 is divided by u(p)?
9
Suppose 3*t - 117 = -3*b, -109 = -3*t - 2*b + 3*b. Let p = t - -18. What is the remainder when p is divided by 14?
13
Let h(j) = -2*j - 14. Let l be h(-10). Let x = 10 - l. Let t(z) = z**3 - z**2 - 4*z + 1. What is the remainder when t(3) is divided by x?
3
Suppose 3*b - 4 = -2*y + 2, -4*y = 2*b - 4. Let w = 5 - b. Let u(v) = -v**3 - 4*v**2 + 6*v + 9. What is the remainder when u(-5) is divided by w?
1
What is the remainder when 2/10 + (-2136)/(-120) is divided by 12?
6
Let j = 8 + -13. Let k(x) = -10*x + 4. What is the remainder when k(j) is divided by 19?
16
Suppose -3*p - 7*z + 2*z = -16, 0 = 3*p - 4*z + 2. Let j(o) = -7*o + p*o**2 + 18*o + 3 - o**2 + 3. What is the remainder when j(-11) is divided by 4?
2
Suppose -2*t + 63 = 4*c + c, 2*t - 83 = -c. Suppose t = h + h + 4*j, 5*j = 0. Calculate the remainder when h is divided by 12.
10
Let q be (5/(-2) - 0)*2. Let d(b) = -b**3 - 3*b**2 + 8*b + 5. Let x = -4 + 12. Calculate the remainder when d(q) is divided by x.
7
Suppose -x + 30 = x + 3*t, 2*t - 44 = -4*x. Calculate the remainder when 2/(23/(-25) - -1) is divided by x.
7
Suppose 4*t = 11 - 3. Suppose -t*j = -j - 39. What is the remainder when j is divided by 20?
19
Suppose 10 = 2*t, 2*i + 3*t - 25 - 16 = 0. What is the remainder when 50 is divided by i?
11
Let f = 129 - 108. What is the remainder when 125 is divided by f?
20
Let y = 22 + 13. Calculate the remainder when y is divided by -2 + 3 + -1 + 19.
16
Suppose 3*o + s - 11 = 0, 2*o + 3*s = 4*o. Suppose -6 = o*j + 12. What is the remainder when j/15 + (-267)/(-5) is divided by 18?
17
Let b = 17 - 11. Suppose l + p = 4, -2*l + 3*p - 6*p + 3 = 0. Calculate the remainder when l is divided by b.
3
Let r(z) = -2*z + 3. Let j(h) be the second derivative of -h**4/12 - 4*h**3/3 + 5*h**2/2 - h. Calculate the remainder when r(-5) is divided by j(-8).
3
What is the remainder when (3 - 1) + -2 - -13 is divided by (6 - (-3 + 4)) + 3?
5
Let w(s) = s - 13. Let u be w(9). What is the remainder when 1/((-4 + 2)/u) is divided by 2?
0
Suppose -2*f = 2*f + 24. Calculate the remainder when 168/(-10)*20/f is divided by 19.
18
Let b = 58 + -34. Calculate the remainder when 119 is divided by b.
23
Suppose -2*i + 11 = y + i, -4*i + 24 = 2*y. Let l be -21 + -1*(-1 + 2). Calculate the remainder when 4/l + (-299)/(-11) is divided by y.
13
Let v be (9/6)/(2/24). Suppose 4*x = v - 2. Suppose 9 = -3*z + 3*n + 27, -x*z + 2*n = -28. What is the remainder when 13 is divided by z?
5
Suppose 7*l - 29 = 104. Calculate the remainder when 75 is divided by l.
18
Suppose 0*r - 5 = -r. Calculate the remainder when (-18)/(93/124 - 14/8) is divided by r.
3
Let t = -27 - -47. Calculate the remainder when t is divided by 6.
2
Suppose -9*r + 8*r + 45 = -4*h, -h - 55 = -2*r. What is the remainder when r is divided by 14/6*(-2 - -5)?
4
Suppose -f = 5*b + 32, 0*f + 5*b - 3 = 4*f. What is the remainder when 605/35 - (-2)/f is divided by 9?
8
Let l(k) = -2*k**2 - 6*k - 4. Let d be l(5). Let y be (d/(-10))/(1/5). Calculate the remainder when (y/3)/(1/1) is divided by 4.
2
Suppose 0 = -5*f - 3*s - 133, 3*f + 3*s - 75 = 6*f. Let w = -14 - f. Calculate the remainder when w is divided by (-6)/(-1) + (-1 - -2).
5
What is the remainder when (-627)/(-152) + (-2)/16 is divided by 4?
0
Let g(d) = 127*d + 4. Let j be g(4). Calculate the remainder when 52 is divided by (-2)/7 - j/(-28).
16
Let u = 35 - 28. Suppose -2*h - 14 = -5*k - 5, -5 = -k + 2*h. Let y = k + u. Calculate the remainder when 21 is divided by y.
5
Suppose 6*s = 3*s - 6. What is the remainder when 6 - s/((-3)/3) is divided by ((-3)/5)/(1/(-5))?
1
Suppose 5*f + o = 6*o + 70, 16 = -f - 5*o. Let h(j) = -j**3 + 13. What is the remainder when (0 + -37)*(-10 + f) is divided by h(0)?
11
Let i = 15 + 10. Calculate the remainder when i is divided by 13.
12
Let x = 73 + 18. Calculate the remainder when x is divided by 31.
29
Let t(p) = -p**3 - p**2 + 4*p - 1. Let f be t(-4). Suppose -f - 23 = -3*l. Calculate the remainder when 446/l + (-2)/(-9) is divided by 9.
7
Let r = -10 + 14. Let z(a) = -r*a + 4 - 3 - 3. What is the remainder when 19 is divided by z(-3)?
9
Let t(l) = -3 - 4*l**2 + 2*l + 8 + 5*l**2. Calculate the remainder when 38 is divided by t(-4).
12
Let q(z) = z**3 - z**2 - 5*z + 5. Let i be q(5). Suppose 0*b + i = 5*b. What is the remainder when 46/3*(0 + 3) is divided by b?
14
Let r = -41 - -48. Calculate the remainder when 26 is divided by r.
5
Let p = 18 - 6. What is the remainder when 45 is divided by p?
9
Let p be (-3 - -4) + -1 + 3. Suppose -p*s = 0, -8 = -3*n + s + 4. Calculate the remainder when 10 is divided by n.
2
Let f(l) = l**2 + 3*l + 4. What is the remainder when 11 is divid